z be g(-4). Let k = -5 - z. What is the tens digit of k?
1
Suppose -3*v + 2*v - 10 = 0. Suppose 6 = -4*n - 14. Let a = n - v. What is the units digit of a?
5
Suppose 5*z - 36 = z. Let g = 0 + 15. Let u = g - z. What is the units digit of u?
6
Let l be (-2)/(-7) + 16/(-56). Suppose -52 = -l*p - 4*p. What is the tens digit of p?
1
Suppose 0 = 16*x - 14*x - 12. What is the units digit of x?
6
Let m = 0 + -3. What is the units digit of (3/m - -5) + -2?
2
Suppose -1 = 3*s - 2*x - 3, -2*s = -2*x. Let m = -21 - -36. What is the units digit of m/s*(-6)/(-5)?
9
Suppose 0 = -6*g + 7*g - 3*d - 91, 0 = 5*g + 4*d - 417. What is the units digit of g?
5
What is the units digit of 12*1 + 3/(-6)*6?
9
Let y(z) be the first derivative of -z**2 + 2/3*z**3 + 3*z - 1. What is the units digit of y(3)?
5
Suppose -f + 57 = -0*f - 2*a, -4*f = 2*a - 238. What is the tens digit of f?
5
Let k be (-1 - 19)*(-12)/(-10). Let j = k - -46. Suppose -6 = 4*r - j. What is the units digit of r?
4
Let o(n) = -n**2 - n + 32. Let i be o(0). Suppose -5*h = -i - 3. What is the units digit of h?
7
Let x(h) = h**2 + 8*h - 14. Let b(f) = -18*f**3. Let n be b(-1). Suppose 3*c + n = -12. What is the units digit of x(c)?
6
Let i be ((-3)/3)/((-1)/30). Let g = i + -4. What is the units digit of g?
6
Suppose 3*l + 0*l = 0. Let p = 3 + l. What is the units digit of p?
3
Let p be 6/4*4/3. Suppose -p*v + 7*v = 90. What is the units digit of v?
8
Suppose -9*z + 4*z - 5*l + 730 = 0, 0 = 4*z - 5*l - 602. What is the units digit of z?
8
Suppose 2*h + 5*w - 21 = 0, -3*w = -3*h - 0*w + 21. Let f(p) = -3*p. Let l be f(1). Let b = h + l. What is the units digit of b?
5
Suppose b + 3*y - 20 = 26, -2*b = -2*y - 52. What is the tens digit of b?
3
What is the units digit of -3 - 5/((-15)/12)?
1
Suppose -2*f = 3*f - 195. Suppose 4*s = 3*y + 2*s - 13, 2*y = -2*s + 2. What is the tens digit of f/y*(2 - 1)?
1
Let b = -50 + 117. What is the units digit of b?
7
Let u = -8 - -17. Let a = u + -9. Let i = a + 7. What is the units digit of i?
7
Let b = 1 - 1. Let x be b*1*(-3)/6. Suppose 3*q + q - 8 = x. What is the units digit of q?
2
Let s = 30 + -12. Let q = 49 - s. What is the units digit of q?
1
Let m be (17 - -1)*(-12)/(-18). Let j = m + 1. What is the units digit of j?
3
Let u be ((-6)/(-6))/((-1)/1). Let r be 15/(u*3/(-6)). Suppose -3 + r = 3*t. What is the units digit of t?
9
Let p(q) be the second derivative of q**5/20 - q**4/3 + q**3/2 + 4*q. What is the tens digit of p(4)?
1
What is the tens digit of 27/(5/60*9)?
3
Let m be (3/6)/(1/(-12)). What is the tens digit of (-140)/m + (-8)/24?
2
Suppose 0 = -2*i - 3*x + 24, -48 = -4*i - 2*x + x. What is the tens digit of i?
1
Let q = -9 - -9. Suppose 3*f + 14 = g, q = g + g - 3*f - 43. What is the tens digit of g?
2
Suppose z - 168 = -2*z. Suppose -t - 4 = 0, -2*d - 3*d + 4*t + z = 0. Suppose -5*m + 17 = -d. What is the units digit of m?
5
Let m(v) = 2*v - 7. Let j be m(5). Suppose p = -5*c + 25, 5*c - p = -j*p + 20. What is the units digit of 3/9 + 46/c?
8
Suppose m + j = 0, 0 = 4*m + j + 4*j + 5. Let d be -3 + 0 + (m - 3). Let l = d + 8. What is the units digit of l?
7
Let s(b) = b**2 + 8*b - 14. Let u = -9 - 2. What is the units digit of s(u)?
9
Suppose 0*q - 5*n + 16 = -3*q, 0 = -2*q + 5*n - 19. Let w(p) = p**2 - 4. What is the units digit of w(q)?
5
Suppose -3*h - 2 + 8 = 0. Suppose n - 10 = h. What is the tens digit of n?
1
Suppose 0 = 2*b + 2 - 6. Suppose -5*r = -b*q - 1, -5 = q - 3*q + 3*r. What is the units digit of q?
7
Let d(k) = 8*k**2 + k + 1. Let u be d(-1). Let w = -6 + u. What is the units digit of w?
2
Let w(q) = 4*q**2 + q. Let y(z) = -z. Let o be y(2). Let k be 1*o/(1 - -1). What is the units digit of w(k)?
3
Suppose 0 = b - 3*b. Let o(x) = -x**3 - x**2 + x + 15. Let u be o(0). Suppose 4*f + f - u = b. What is the units digit of f?
3
Let a(s) be the third derivative of -5*s**4/24 - 5*s**3/6 + 4*s**2. Let z be a(-5). Let w = -3 + z. What is the tens digit of w?
1
Suppose -y - 488 = -5*y - 2*a, 5*y = a + 596. Let c = -70 + y. What is the units digit of c?
0
Suppose -3*f + 790 + 179 = 0. What is the units digit of f?
3
Suppose -3*d = -76 + 16. What is the units digit of d?
0
Let l(d) be the first derivative of -d**4/4 + 2*d**3/3 + 2*d**2 - d - 1. Let m(k) = -k**2 + 6*k + 3. Let g be m(6). What is the units digit of l(g)?
2
Let z = -6 + 19. What is the tens digit of z?
1
What is the tens digit of (-78)/(-1)*8/16?
3
Let u = -35 + 88. Let b = -27 + u. What is the units digit of b?
6
Suppose -24*k + 22*k = -266. What is the hundreds digit of k?
1
Let n(t) = -t**3 - t + 4. Let q = -3 - -3. Let r be n(q). Suppose 3*j - 28 = a - 0, -r*a = -j + 24. What is the units digit of j?
8
Let m(k) = -k. Let c(o) = o - 7. Let s(r) = -c(r) + 2*m(r). What is the units digit of s(-7)?
8
Suppose 263 = -5*w - 3*y + 845, 2*w - 3*y - 237 = 0. What is the hundreds digit of w?
1
Let n = 9 + -36. What is the units digit of n/(-2) - (-6)/(-12)?
3
Let v(d) = -6*d - 27. Suppose -3*n - 55 = 4*b, 2*b - 3*n - n = -22. What is the tens digit of v(b)?
5
Let g be 2/(-10) - 33/(-15). Suppose 28 = d + g. What is the tens digit of d?
2
Let g(z) = -z + 13. Let a be g(9). Suppose -a*y + 76 = -2*y. What is the units digit of y?
8
Let b be (11 - 6)/(2 + -1). Suppose -2*t + 0*x + 14 = b*x, 2 = t + 5*x. What is the units digit of t?
2
Suppose 10 = 5*p - 5. Suppose p*g - 21 = 3*z, -4*g + 7 = 3*z - 49. What is the tens digit of g?
1
Suppose -5*b + l + 9 = 0, -5*b + 2*l = -0*l - 8. Let d be (1 + -2)/(b/(-20)). What is the tens digit of 5/(d/(-6))*-6?
1
Suppose -5*r = -2*h + 2, -3*r - 4 = -4*h - 4*r. Suppose 4*d = d + 15. Let z = h + d. What is the units digit of z?
6
Suppose -4*g = -9*g + 3*z - 26, 4*g = 5*z - 26. Let d = 30 + g. Suppose -d = -4*i - 2*a, -2*i - 5*a + 30 = 3*i. What is the units digit of i?
7
Suppose -4*g - 2*k + 22 = -4*k, -k + 13 = 4*g. Let t(j) = 5*j**2 - 4*j - j - j**3 + 4 + 2. What is the units digit of t(g)?
2
Suppose b - 6*b = -75. What is the units digit of b?
5
What is the units digit of (-165)/(-4) + (-20)/80?
1
Suppose -5 - 1 = 2*d + 4*w, -5*w = 4*d + 6. Let v(m) = 24*m**3 - m + 1. What is the units digit of v(d)?
4
Let v be (-24)/9*45/(-12). Suppose -2 = -t + 2*a - 0, 5*t = -3*a + v. Suppose 2*o + t*m - 24 = 8, 40 = 2*o + 4*m. What is the tens digit of o?
1
Suppose 0 = 2*l + 3*l - 10. Suppose 0*v = v - l. Let r = 3 - v. What is the units digit of r?
1
Let t(w) = w**2 - w + 4. Suppose -3*z + v + 3 = -0*v, 5*z - 4*v = 12. What is the units digit of t(z)?
4
Suppose -1678 = -10*q + 782. What is the tens digit of q?
4
Suppose -3*f - 16 = -s - s, 2*f = 5*s - 51. What is the units digit of s?
1
Let a = 0 - -3. Suppose 3*j + m = 1, -31 = -a*j - 0*j + 5*m. What is the units digit of j?
2
Let m be (-1 + 6/10)*-5. Suppose 0*f = f - 2. What is the units digit of -1 + (f - -2) + m?
5
Let j(g) = 3*g - 1. Let f(n) = -n**3 + 4*n**2 - 3. Let v be f(3). Let z be j(v). Let w = z - 10. What is the units digit of w?
7
Let m = -2 - 6. Let j = 15 + m. What is the units digit of j/((6/3)/2)?
7
Let f(h) = h - 4. Let n be f(4). Suppose -4 = 4*g - 5*g. Suppose c = g*l - 7, -5*l + c - 5*c + 14 = n. What is the units digit of l?
2
Let y(i) = -i**2 - 7*i - 4. Let o be y(-8). What is the units digit of 343/42 - (-2)/o?
8
Let i = 4 + 1. Suppose -i*r = -28 - 97. What is the tens digit of r?
2
Let d be (-52)/(-14) + (-4)/(-14). Suppose -2*u - u - d*s + 35 = 0, -s = 1. What is the tens digit of u?
1
Suppose -4*l = 0, -1060 = -5*t - l - 2*l. What is the units digit of t?
2
Let g(l) = 2*l - 11. Suppose 3*d - 9 = 3. Suppose -25 - 15 = -d*q. What is the units digit of g(q)?
9
Let c be (-44)/(-10) + (-10)/25. Let p = c - 3. Let t = p - 0. What is the units digit of t?
1
Let k = 95 - 55. What is the tens digit of k?
4
What is the units digit of (8/(-20))/(4/(-50))?
5
Let k = 334 + -187. What is the tens digit of k?
4
Suppose 3*y + 3 = -5*p, 0*p = -5*y - p + 17. Suppose 5*c = 2*w - 85, w - y*w + 3*c + 105 = 0. What is the units digit of w?
0
Suppose 0 = 4*a - 2*p - 554, 4*p - 155 = -2*a + 117. What is the units digit of a?
8
Let y = -2 - -5. Suppose y*z = -q + 23, 4 = -0*q - 4*q. What is the units digit of z?
8
Suppose 5*a = 5*k + 68 + 17, -5*k = 0. Suppose -5*m + 4*m = -a. What is the tens digit of m?
1
